{"id":32,"date":"2017-03-30T09:16:01","date_gmt":"2017-03-30T07:16:01","guid":{"rendered":"https:\/\/salon.vivreetlecrire.fr\/?page_id=32"},"modified":"2020-04-24T18:18:28","modified_gmt":"2020-04-24T16:18:28","slug":"les-instances","status":"publish","type":"page","link":"https:\/\/salon.vivreetlecrire.fr\/index.php\/les-instances\/","title":{"rendered":"SCH\u00c9MA DE GOUVERNANCE DU SALON :        Les 3 instances"},"content":{"rendered":"<p>Au cours de la construction du Salon, de septembre \u00e0 juin, 2 groupes op\u00e9rationnels et 1 groupe d\u00e9cisionnel se r\u00e9unissent\u00a0 selon un ordre du jour propre \u00e0 chacun<\/p>\n<a href=\"https:\/\/salon.vivreetlecrire.fr\/wp-content\/uploads\/2018\/11\/Sh\u00e9ma-de-gouvernance-Salon.pdf\" class=\"pdfemb-viewer\" style=\"\" data-width=\"max\" data-height=\"max\" data-toolbar=\"bottom\" data-toolbar-fixed=\"off\">Sh\u00e9ma de gouvernance Salon<\/a>\n","protected":false},"excerpt":{"rendered":"<p>Au cours de la construction du Salon, de septembre \u00e0 juin, 2 groupes op\u00e9rationnels et 1 groupe d\u00e9cisionnel se r\u00e9unissent\u00a0 selon un ordre du jour propre \u00e0 chacun<\/p>\n","protected":false},"author":1,"featured_media":0,"parent":0,"menu_order":0,"comment_status":"closed","ping_status":"closed","template":"","meta":{"footnotes":""},"class_list":["post-32","page","type-page","status-publish","hentry"],"_links":{"self":[{"href":"https:\/\/salon.vivreetlecrire.fr\/index.php\/wp-json\/wp\/v2\/pages\/32","targetHints":{"allow":["GET"]}}],"collection":[{"href":"https:\/\/salon.vivreetlecrire.fr\/index.php\/wp-json\/wp\/v2\/pages"}],"about":[{"href":"https:\/\/salon.vivreetlecrire.fr\/index.php\/wp-json\/wp\/v2\/types\/page"}],"author":[{"embeddable":true,"href":"https:\/\/salon.vivreetlecrire.fr\/index.php\/wp-json\/wp\/v2\/users\/1"}],"replies":[{"embeddable":true,"href":"https:\/\/salon.vivreetlecrire.fr\/index.php\/wp-json\/wp\/v2\/comments?post=32"}],"version-history":[{"count":5,"href":"https:\/\/salon.vivreetlecrire.fr\/index.php\/wp-json\/wp\/v2\/pages\/32\/revisions"}],"predecessor-version":[{"id":289,"href":"https:\/\/salon.vivreetlecrire.fr\/index.php\/wp-json\/wp\/v2\/pages\/32\/revisions\/289"}],"wp:attachment":[{"href":"https:\/\/salon.vivreetlecrire.fr\/index.php\/wp-json\/wp\/v2\/media?parent=32"}],"curies":[{"name":"wp","href":"https:\/\/api.w.org\/{rel}","templated":true}]}}